*q + 21. Let b be y(r). Let w(t) = t + 5. Determine w(b).
11
Let p(q) = -11*q**2 + 55*q + 8. Let v = 7042 + -7037. Determine p(v).
8
Let z(v) be the first derivative of 2*v**3/3 - 39*v**2/2 - 59*v + 1741. Determine z(21).
4
Let f(q) be the second derivative of q**7/420 - q**4/24 - 3*q**3/2 + q**2 + 59*q + 2. Let z(a) be the second derivative of f(a). What is z(-2)?
-17
Suppose -2917 - 1123 = -404*x. Let f(o) be the first derivative of o**2/2 + o + 1. Determine f(x).
11
Let n(s) = 7 + 9*s**3 - 2*s - 7*s**3 - s**3 - 8*s**2 - 9*s + 9*s. Suppose 0 = 4*y + p - 27, 10*p + 36 = 2*y + 6*p. Give n(y).
-9
Let j(y) = 4*y + 2. Let k be (0 - 1/(-7)) + 2400/840. Give j(k).
14
Let t(q) = -q. Suppose i = -13*i + 224. Let y(b) = 4*b - 58. Let w be y(i). What is t(w)?
-6
Let d(v) = -v**3 - 29*v**2 - 22*v + 174. Suppose -193345*s + 193319*s = 728. Determine d(s).
6
Let o be (186 - (-6 + 2)) + 4. Let m(n) = n - 4*n + 97 - o + 98. Give m(2).
-5
Let z(u) = -u + 12. Let d(k) = -2*k - 3*k + 36 + 2*k. Let i(n) = -n**2 + 36*n - 262. Let f be i(26). Let b(o) = f*d(o) + 7*z(o). What is b(5)?
7
Let h(b) = -86*b + 11. Let l(j) = -20*j + 2. Let c(m) = -2*h(m) + 9*l(m). Calculate c(1).
-12
Let q(p) = 3*p - 21. Let u(m) = -2*m + 23. Let t(s) = -5*q(s) - 4*u(s). Let n(j) = -j + 2. Let z(i) = -6*n(i) + t(i). Give z(0).
1
Let m be (3*(-6)/(-9))/(2/3). Suppose -2*p - 4*k = -2, m*p - 3*k - 26 = -5. Let l(t) = 5*t - 165*t**2 + 0 + 1 + p + 164*t**2. Give l(6).
0
Let x(o) be the first derivative of -11*o + 41 + 9/2*o**2 - 1/3*o**3. Calculate x(8).
-3
Let h(n) = n**3 - 13*n**2 - 14*n + 34. Let j be h(14). Let w(b) = 4 - 17*b + j*b - 19*b. Suppose -3*z + 3*d = 15, 0 = 3*z + z + 2*d + 14. Calculate w(z).
12
Let z(l) = -2*l**3 - 5*l**2 + 54*l - 20. Let g(o) = o**3 - o**2 - 15*o - 1. Let s(p) = -3*g(p) - z(p). Calculate s(7).
9
Suppose -17 = 3*b - 4*h, -5*b - 4*h - 106 = -163. Let o(g) = -g**2 - 12*g + 70. Give o(b).
-15
Suppose -q - 154 = -4*c - 0*q, -3*q + 123 = 3*c. Let i(p) = -c + p - 43 + 86. Let s(t) = t**2 - 1. Let u be s(1). What is i(u)?
4
Let g(r) be the second derivative of -r**4/12 + r**3/6 - 11*r**2/2 + 9*r + 2. Let j = 526 + -526. Give g(j).
-11
Let j(b) = 3 + 22341*b**2 - 22342*b**2 - 7*b + b - b + 1 + 5*b. Let a be (4/3)/(6/9). Give j(a).
-4
Suppose 0 = 5*k + 3*f - 11 - 5, -5*k - 2*f + 14 = 0. Let y(r) = -4*r**3 + 5*r**2 - 3*r**2 - 2*r**2 + 11*r**3 + 2 - k*r. Determine y(1).
7
Let t be (-8)/(-26) - 2703/2067. Let j(a) = 7*a**2 + 31*a + 29. Determine j(t).
5
Let b = -29 + 24. Let w = b + 7. Let u(a) = 5*a - 3*a - 4*a + w + 3*a. Calculate u(6).
8
Let a(d) be the third derivative of -d**4/24 - 13*d**3/6 - 2*d**2 + 21*d - 13. What is a(-6)?
-7
Let m be -3 - ((48/60)/4 + (-21)/5). Let d(n) = 49*n**2 + 2*n. Determine d(m).
51
Let d(o) be the second derivative of -1/6*o**4 - 1/2*o**3 - 5/2*o**2 + 53*o + 0. Give d(-2).
-7
Let q(s) = s**2 - 4*s - 14. Let r = -144 - -153. What is q(r)?
31
Let c(u) = 48*u**2 + 3*u + 3. Suppose -204*l + 33 = 240 - 3. What is c(l)?
48
Let z(h) = h**3 + 3*h + 1. Let d(n) = 2*n**3 - 3*n**2 + 3*n + 1. Let m(w) = 2*d(w) - 3*z(w). Calculate m(5).
-41
Let a(o) = 6*o**2 - 11*o - 4. Let g(b) = -b**3 - 2*b**2 + 8*b - 5. Let z be g(-4). Let n(j) = j**2 - j - 2. Let k(w) = z*n(w) + a(w). What is k(6)?
6
Let j(g) = -g**3 + 8*g**2 - 4*g - 8. Suppose 0 = -3*r + 15, -4*r - 26 = -2*x + x. Let p = x + -44. Let d be (-51)/(-7) + p/(-7). Calculate j(d).
13
Let b(h) = 0*h**3 - 16*h**2 - 13*h + h - h**3 + 17*h + 8*h - 40. Calculate b(-17).
28
Let q(n) = n**3 + 7*n**2 + 6*n. Suppose 5*w + 134 = 4*j - 3*j, 0 = 5*j - 5*w - 670. Let u = -140 + j. What is q(u)?
0
Let o(q) = -25*q + 8*q - 20*q + q - 8*q - 2. What is o(2)?
-90
Let k(r) = 44*r**3 - r**2 + 2. Suppose -54*l + 59*l = 3*u - 3, -4*l = -2*u + 2. Determine k(u).
45
Let f(p) be the first derivative of -p**4/4 + 7*p**3/3 - 7*p**2/2 + 6*p + 372. Let x(j) = -j + 12. Let o be x(6). What is f(o)?
0
Let t(k) = 76*k + 2. Let x(l) = l**2 + 16*l - 337. Let n be x(12). Calculate t(n).
-74
Let q(c) = -3*c**2 - 28*c + 20. Let p(r) = r**2 + 3*r - 2. Let y(n) = 4*p(n) + q(n). What is y(15)?
-3
Let o(f) = 6 - 5*f + 17*f - 3*f - 3*f. Let q be o(-2). Let g(r) = 2*r + 2. Give g(q).
-10
Let r(i) = 3*i. Let w(d) = 0 - 11*d + 9*d - 25*d - 3. Let x(q) = -6*r(q) - w(q). Calculate x(-4).
-33
Let t be -232 - -210 - (-4 + -1) - -9. Let j(m) = m**3 + 7*m**2 - 9*m - 9. Calculate j(t).
-1
Let d(f) = -f**3 + 8*f**2 - 21*f + 6. Suppose 89*j = 79*j + 30. Calculate d(j).
-12
Let y(x) = x**3 + 4*x**2 - 5*x - 4. Suppose 0 = 2*h + 5 - 13. Let p be (h - 7)/(-1) + 22. Suppose -6*n - p = 2*f - n, f + 3*n + 14 = 0. Determine y(f).
-4
Let m(i) be the second derivative of 3 + 1/20*i**5 + 0*i**3 - i**2 + 5/12*i**4 - 18*i. Let d be -1 + (-12)/(-2 - -5). What is m(d)?
-2
Suppose -4*y + 2*y + 5 = x, 5*x = 3*y - 1. Let c(n) = -n. Let v(b) = -9*b + 6. Let s(m) = x*v(m) - 6*c(m). Determine s(4).
-6
Let a(w) = 2*w - 12. Suppose -5*q + 3*s = 2, -6 + 2 = -q + 5*s. Let r be q*(-1 - 1)*1*4. Calculate a(r).
4
Suppose 3*m - 2 = -14. Let t(w) be the third derivative of -w**5/60 - 5*w**4/24 - 5*w**3/6 + 52*w**2 - w - 6. What is t(m)?
-1
Let h = 574 + -569. Let x(u) = u**2 - 8*u + 11. Give x(h).
-4
Let y = -2691 + 2696. Let o(u) = u**2 - 54*u + 249. Determine o(y).
4
Suppose 0 = -0*z - 3*z + 9. Let y(u) = -37*u - 38*u + z + 104*u - 31*u. Let v(l) = l**2 + 9*l + 5. Let x be v(-9). Determine y(x).
-7
Suppose -55*g + 5*g + 644 + 6 = 0. Let v(n) = -6*n + 73. What is v(g)?
-5
Let f = 1 - 2. Let u = 371 + -369. Let y(i) = -1 - 2439*i**2 + 4890*i**2 - 2442*i**u. Determine y(f).
8
Let s(g) = -66*g**2 + 20*g - 52. Let x(a) = 33*a**2 - 9*a + 20. Let p(z) = 2*s(z) + 5*x(z). Give p(-1).
34
Let j(q) = q**3 - 57*q**2 + 23*q - 1302. Let m be j(57). Let r(k) = -k**2 + 12*k - 22. What is r(m)?
5
Let p(o) = -o**3 - 4*o**2 + 5*o - 6. Let l(a) = -8*a + 43. Let v be l(6). Give p(v).
-6
Let n(p) be the second derivative of p**5/20 + 5*p**4/6 + p**3/3 + 9*p**2/2 + 170*p. Calculate n(-10).
-11
Let c(u) = -u + 12. Let y = -6374 - -6383. Calculate c(y).
3
Let k(r) = 18*r - 241 - 19*r - r**2 + 253. Give k(-5).
-8
Let f(y) = -14*y + 1. Suppose 2*l = 5*l + 2*d + 15, 0 = -3*d - 18. What is f(l)?
15
Let w(p) = -3*p - 15. Let n = -40 + 35. Let d be w(n). Suppose 3*q + q = d. Let l(m) = m + 8. Calculate l(q).
8
Let q = 8 + -5. Suppose q*v - 16 = 2. Let j(h) = 7*h**2 + 61*h - 8. Let s(t) = 9*t**2 + 74*t - 8. Let l(n) = 5*j(n) - 4*s(n). Give l(v).
10
Let h = -5440 + 5433. Let t(x) = -x**3 - x**2 + 46*x + 31. Give t(h).
3
Let w(o) be the first derivative of -o**4/4 + 2*o**3 + 3*o**2 - o - 3. Let l(j) = -661*j - 655. Let n be l(-1). What is w(n)?
35
Let k(y) = 5*y - 6. Let n be 5/(-20) + (-103)/4 + -1. Let v(s) = -4*s - 105. Let m be v(n). Give k(m).
9
Let g(k) be the first derivative of -5*k**3/6 + 5*k**2/2 + 15*k + 21. Let o(w) be the first derivative of g(w). Suppose -23*s = -9*s - 56. Give o(s).
-15
Let u(z) = -4*z**3 - z**2 + 2*z - 2. Let f(n) = 130*n**3 + 4*n**2 - 65*n**3 + 1 - n**2 - 60*n**3. Let h(s) = 3*f(s) + 4*u(s). Determine h(6).
7
Let h(m) = -172*m - 156*m + 623*m - 157 - 168*m - 154*m. Give h(-6).
5
Let c(o) = o**3 - 3*o**2 - 4*o - 3. Let d be 4/1 + 3*(-22)/11. Determine c(d).
-15
Suppose 0 = 25*v - 17*v - 128. Suppose 0 = -4*s + v + 4. Let b(k) = k**2 - 10*k + 3. Let f(j) = -j**2 + 9*j - 3. Let l(c) = 3*b(c) + 4*f(c). Determine l(s).
2
Suppose 0 = l - 562 - 425. Let n(k) = l + 0*k + 5*k - 493 - 499 - 3*k. Determine n(10).
15
Suppose 2*p + 836 = -4*w, 0*w = 4*w + 4*p + 844. Let f = -215 - w. Let z(s) = -s**2 - s. Let j(n) = -3*n**2 - 9*n + 3. Let u(b) = j(b) - 2*z(b). Give u(f).
-5
Let l(q) be the first derivative of 5/2*q**2 + 1/3*q**3 + 73 - 10*q. Determine l(-5).
-10
Let c be ((-40)/12 - -3)/((-5)/(-90)). Let a(y) = y**3 + 5*y**2 - y + 5. Determine a(c).
-25
Suppose -37*v + 10651 = 9911. Let g(f) = 4*f**2 - 77*f - 29. Calculate g(v).
31
Suppose -2*h - 2 = 0, 2*h - 2983 = -5*s + 565. Let x(l) = 712*l + 0 + 0 - s*l. Let j be 13/4 - (-1)/(-4). Give x(j).
6
Let d(x) be the third derivative of -x**5/30 - 17*x**4/24 - 49*x**3/6 - 5313*x**2. Determine d(-8).
-41
Let q(u) = -u**3 + 13*u**2 - 33*u + 261. Let h be q(12). Let m(o) = 2*o - 20. What is m(h)?
-2
Let j(z) = z**2 + 3*z - 47. Suppose -2*u - 10